eatest common factor of c and 30?
6
Suppose 3*q + 4 = 28. Calculate the highest common divisor of 2 and q.
2
Suppose 0*q + 9*q = 45. Suppose 2*f + 2 = 0, 0*f = 2*u + 3*f - 67. What is the highest common divisor of q and u?
5
Suppose 4*j + 36 = 4*w, 10 = 2*w - 0*j + 2*j. What is the highest common divisor of 77 and w?
7
Suppose 14*p - 9*p = 0. Suppose p = 3*n - 108 - 132. What is the highest common divisor of n and 10?
10
Suppose -2*q + 17 = m, -5*q - 4*m = -5*m - 60. Calculate the highest common factor of q and 11.
11
Let s = -9 - -29. Suppose k - 6*k = -400. What is the highest common factor of s and k?
20
Let w(k) = 55*k - 5. Let i be (-21)/(-4) - (-1)/(-4). Let x be w(i). Suppose 2*s - x = -3*s. What is the highest common factor of 6 and s?
6
Let k be (-3 + 2)/(-2 + 3). Let i be (-9 - 0)/(k/2). Let c(m) = 2*m**3 - 7*m - 6. Let u be c(3). Calculate the greatest common factor of u and i.
9
Let a be -18*(2 - 10/3). Let y be 2 + -2 + -1 - -3. Suppose -2*d + 20 = -s, y*d + 4*s = -0*d. Calculate the greatest common factor of a and d.
8
Let p = -171 - -258. Suppose 5*r - 138 - p = 0. What is the greatest common factor of r and 5?
5
Let w(b) = -b + 30. Let c be w(0). Calculate the greatest common divisor of c and 12.
6
Let m = -2 - 0. Let y(b) = b**2 - 2*b - 3. Let i be y(m). Calculate the highest common divisor of 55 and i.
5
Suppose 2*h = -0*h + 56. Let k be ((-13 - 60) + -1 + 4)/(-1). What is the greatest common divisor of h and k?
14
Let k be ((2 + -1)/(-1) - 0)*-36. What is the greatest common factor of k and 54?
18
Let w be 1 - (-2)/2 - -14. Let v be (-60)/(-27) - (-2)/(-9). Suppose 0 = 3*b - g - 3, -11 + v = -3*g. Calculate the greatest common factor of w and b.
2
Let p(l) = 6 - l**2 - 2*l - 5 - 2*l + 2. Let d be p(-4). Let v be (-100)/(-6) + 1/d. Calculate the greatest common divisor of 85 and v.
17
Suppose -z + 2*z = 8. Suppose 4*o = -16, -252 = -4*u - 5*o + 4*o. Calculate the highest common divisor of u and z.
8
Suppose -3*o - 5*i + 38 = -3*i, -4*o = i - 44. Suppose 4*f = t + 7*f - 33, -27 = -t + 3*f. Calculate the highest common divisor of t and o.
10
Suppose 3*n = 10 + 11. Suppose -2*s + n*s = -40. Let b be 136/(-2)*4/s. Calculate the highest common factor of 85 and b.
17
Let w(q) = 2*q - 10. Let x be w(7). Suppose -c + 2*u = -61, u = -5*c + x*u + 312. What is the greatest common divisor of 7 and c?
7
Suppose -z + 49 = 3*y, -3*y + 0*y + 92 = 2*z. Calculate the greatest common factor of 301 and z.
43
Let g be (-16)/24 + 3 + 4/(-12). Let s be ((-12)/10)/((-1)/15). What is the highest common divisor of s and g?
2
Suppose 0 = 19*g - 370 + 28. Suppose v = 3*v - 18. Calculate the greatest common divisor of v and g.
9
Let t(r) = r. Let o be t(3). Let f = 4 - o. What is the highest common factor of 3 and f?
1
Let z(u) = 6*u**2 - 7*u + 8. Let r be z(2). Let k be 1/(1 + -2) + -16. Let a be (k/4 + -1)*-24. Calculate the greatest common factor of a and r.
18
Suppose -8 = -2*j - q + 2*q, -3*j + 10 = -2*q. Calculate the greatest common divisor of j and 6.
6
Let v(k) = -k**3 - 2*k**2 + 12*k + 5. Let x be v(-5). Calculate the greatest common factor of x and 80.
20
Suppose 4*m = 3*a - 84, 0*a + 4 = a. Let t = -8 - m. Let c = t - 3. Calculate the highest common divisor of c and 7.
7
Let r = 7 - -3. Calculate the highest common factor of 80 and r.
10
Suppose 0 = -3*l + 12 - 24, -3*s - 5*l = -304. What is the greatest common factor of s and 27?
27
Let i(b) = -2*b + 17. Let l be i(4). What is the greatest common factor of l and 36?
9
Let h be (6/(-4))/(3/(-124)). Suppose -58 - h = -3*w. Suppose 2*i - 16 = -4*n + 4, 0 = -2*n + 2. What is the highest common divisor of i and w?
8
Suppose -5*i + 5*w = 10, -i - 5*w + 22 = -0*i. Let b be i + 50 + (1 - 2). What is the highest common divisor of 34 and b?
17
Suppose -5*s - 100 = -3*b, -4*s = -0 + 8. What is the greatest common factor of 45 and b?
15
Suppose h = -0 + 2. Let c(y) = -y**3 + y**2 + 2*y + 2. Let z = 1 - 3. Let f be c(z). Calculate the greatest common divisor of h and f.
2
Let p(h) = -h**3 - 2*h**2 + 5*h + 9. Let b be p(-3). Calculate the greatest common factor of 33 and b.
3
Let v(g) = g**2 + 10*g - 34. Let m be v(-14). What is the highest common divisor of m and 88?
22
Let v be 0 - ((-51)/15 + 9/(-15)). What is the greatest common factor of 56 and v?
4
Let d = 36 - 4. What is the highest common factor of d and 48?
16
Let l be 15/75 - (-218)/10. Calculate the highest common divisor of l and 11.
11
Suppose -4*g - 4 + 96 = 3*u, -u + 3*g + 48 = 0. Let h be (u/(-2) + 0)/(-2). Let y = 29 - h. What is the highest common factor of y and 5?
5
Let c be (-94)/(-10) + 3*12/(-90). Calculate the greatest common factor of 63 and c.
9
Let g be -13*1/(-1)*3. What is the highest common factor of g and 234?
39
Let f be (-986)/(-18) - 10/(-45). What is the greatest common factor of f and 5?
5
Let a be 2/6*9*1. Suppose -3 = -0*b - a*b. Calculate the greatest common factor of 3 and b.
1
Let j be (50/(-3) + -2)*(-18)/12. Calculate the greatest common divisor of 196 and j.
28
Suppose s - 3*y - 6 = 2, 2*y + 12 = 4*s. Suppose s*p = 1 + 1. Let d be p*(0/(-1) + 4). Calculate the greatest common divisor of d and 44.
4
Let u be 32/(-6)*(-15)/10. Let l be (8 - u) + 14 + 1. What is the highest common divisor of 30 and l?
15
Suppose 0 = 5*f - 4*q - 143 - 69, -3*f = 4*q - 140. Calculate the greatest common factor of f and 11.
11
Suppose -5*h + 47 = 17. Suppose 4*z = h*z - 84. Suppose 4*g - 225 = x, -2*g - 2*x + z = -58. Calculate the greatest common factor of g and 5.
5
Let i(t) = 10*t. Let f be i(1). Let g = -232 + 247. Calculate the highest common factor of f and g.
5
Suppose 46 = 4*q - 10. Calculate the greatest common factor of q and 7.
7
Let r = 13 + -9. Suppose 2*i = 5*s - s + 34, 5*s = -r*i + 55. What is the greatest common factor of i and 105?
15
Let p be 1/4 + 11/4. Suppose -8 = -p*t + 4. Suppose 2*q + 16 = 3*q. Calculate the greatest common factor of q and t.
4
Let y = 38 - 24. Let f be 295/(-354) - 430/(-12). Calculate the greatest common divisor of f and y.
7
Let r be ((-33)/(-4))/((-1)/(-24)). Calculate the highest common factor of r and 18.
18
Let o(k) = k**2 - 14*k - 8. Let f(u) = u**3 - 7*u**2 - 7*u + 8. Let v be f(8). Let n be o(v). Calculate the highest common factor of n and 96.
24
Let t be 1 - 1 - -9*1. Let s be (-8)/(-3) - (-3)/t. Suppose 0 = -g - 1 + s. What is the greatest common factor of g and 14?
2
Let w = 156 - 61. Let s = 70 + -32. Calculate the greatest common factor of w and s.
19
Suppose 4*l - 2*m - 158 = 0, 2*l - 6*l = -m - 163. Calculate the highest common factor of l and 21.
21
Let q be 382/6 + 10/(-15). What is the highest common factor of 7 and q?
7
Suppose 0 = -4*c + 54 - 614. Let b be 8/(-5)*c/8. Calculate the greatest common divisor of 14 and b.
14
Suppose z + 78 = 253. Suppose -g + z = 4*g. Calculate the greatest common factor of 7 and g.
7
Let w(s) = s**2 + 4*s + 1. Let p be w(-6). What is the greatest common divisor of p and 13?
13
Suppose 3*z = -r + 6*z - 52, 2*r + 5*z + 60 = 0. Let w be r/6*(-126)/12. What is the highest common factor of 10 and w?
10
Let g(r) = 33*r - 2. Let v be g(6). Suppose -3*k - v = 20. Let n = 126 + k. What is the greatest common divisor of 18 and n?
18
Suppose 5*l - 25 = -5*i, 2*l + l = 5*i - 25. Suppose o - 43 = -4*y, -y + l*o - o = -13. What is the highest common factor of 10 and y?
10
Let z = 24 + 5. Suppose -36 = -d - 2*s, 0 = -3*d - 3*s + z + 73. Calculate the greatest common divisor of d and 4.
4
Suppose -13 = -c + 5*b, -c = -2*b - 10 - 15. Let f = -9 + c. What is the highest common divisor of 60 and f?
12
Let f(w) = 2*w - 20. Let k be f(17). What is the highest common divisor of 14 and k?
14
Suppose -2*v = -3*f - 248, 5*f + 4*v = -0*v - 450. Let m = f - -164. Let a(r) = r + 13. Let t be a(0). What is the highest common divisor of m and t?
13
Suppose -p = -4*s - 30, 2*s = -3*p - 16 + 64. Suppose 4*b - 87 - 57 = 0. What is the greatest common factor of b and p?
18
Let c be (-6)/8 + (-129)/(-12). Suppose 415 = 5*a - 7*u + 4*u, -u = 4*a - 315. Calculate the highest common divisor of a and c.
10
Let a be (21/(-2))/((-3)/8). What is the greatest common divisor of a and 7?
7
Let c = -6 + 8. Suppose 2*q + 0 - 33 = 3*b, -c*b + 20 = q. Calculate the greatest common di